{"id":3481,"date":"2020-01-21T21:20:46","date_gmt":"2020-01-21T20:20:46","guid":{"rendered":"https:\/\/www.spvgg-jettenbach.de\/?page_id=3481"},"modified":"2020-01-21T21:20:46","modified_gmt":"2020-01-21T20:20:46","slug":"millionaer-gesucht","status":"publish","type":"page","link":"https:\/\/www.spvgg-jettenbach.de\/index.php\/tennis\/archiv\/millionaer-gesucht\/","title":{"rendered":"Million\u00e4r gesucht"},"content":{"rendered":"\n<p>Grafengars &#8211; Am Sonntag, den 05.01.2020 fand die diesj\u00e4hrige Weihnachtsfeier der Tennisabteilung des SpVgg Jettenbach in \u201eBurle\u00b4s Kneipe\u201c statt. Im gem\u00fctlichen Rahmen feierten auch dieses Jahr wieder \u00fcber 30 Mitglieder, von jung bis alt, gem\u00fctlich zusammen.<br>Zun\u00e4chst begr\u00fc\u00dfte Stefan Greilinger alle Anwesenden und er\u00f6ffnete die Festlichkeit. <br>Danach \u00fcbergab er Thomas Loose das Wort. <br>Mit seiner humorvollen Art sprach er die Ereignisse und die gemeisterten Projekte des vergangenen Jahres an und gab somit einen R\u00fcckblick \u00fcber das gemeinsam geleistete. Dazu geh\u00f6rten diverse Turniere und Festlichkeiten die gestemmt werden konnten. Ebenso wurde traditionell die Rangliste der umsatzst\u00e4rksten Mitglieder bekannt gegeben, selbstverst\u00e4ndlich unter \u201eBer\u00fccksichtigung\u201c der DSGVO ;-).<br> Als Highlight zum Schluss und zur Freude aller Anwesenden, konnte mit Stolz bekannt gegeben werden, dass \u201eals Fr\u00fcchte der hervorragenden Jugendarbeit nun erstmalig in der Vereinsgeschichte eine U16 gemeldet werden konnte\u201c!<br>Im Anschluss gab es auf Kosten der Abteilung eine gelungene St\u00e4rkung in Form von hausgemachten Gulasch mit Semmelkn\u00f6del. Danach pr\u00e4sentierte Andreas Bergmann auf einer gro\u00dfen Leinwand seine ausgearbeitete Foto-Zusammenschau, aus der die Highlights des Jahres 2019 hervorgingen. <br>Als letzten Programmpunkt war das Hirnschmalz gefragt. Denis Reiter bereitete ein Quiz alla \u201eWer wird Million\u00e4r\u201c vor. Die durchaus anspruchsvollen Fragen mit Schwerpunkt Tennis und Allgemeinwissen, mussten in 4 Gruppen binnen 15 Minuten gel\u00f6st werden. <br>Am Ende wurden die Fragen ausgewertet und die Sieger bekannt gegeben. Als Pr\u00e4mie gab es Goa\u00dfnma\u00df. Im Anschluss wurde das Vereinsleben gelebt und zusammen gem\u00fctlich und ausgelassen bis in Nacht hinein gefeiert.<\/p>\n\n\n\n<figure class=\"wp-block-image\"><img loading=\"lazy\" decoding=\"async\" width=\"1024\" height=\"768\" src=\"https:\/\/www.spvgg-jettenbach.de\/wp-content\/uploads\/2020\/01\/Tennis-Weihnachtsfeier-2019-1024x768.jpg\" alt=\"\" class=\"wp-image-3483\" srcset=\"https:\/\/www.spvgg-jettenbach.de\/wp-content\/uploads\/2020\/01\/Tennis-Weihnachtsfeier-2019-1024x768.jpg 1024w, https:\/\/www.spvgg-jettenbach.de\/wp-content\/uploads\/2020\/01\/Tennis-Weihnachtsfeier-2019-300x225.jpg 300w, https:\/\/www.spvgg-jettenbach.de\/wp-content\/uploads\/2020\/01\/Tennis-Weihnachtsfeier-2019-768x576.jpg 768w, https:\/\/www.spvgg-jettenbach.de\/wp-content\/uploads\/2020\/01\/Tennis-Weihnachtsfeier-2019.jpg 1266w\" sizes=\"auto, (max-width: 1024px) 100vw, 1024px\" \/><figcaption>Text\/Foto: Thomas G\u00f6tz<\/figcaption><\/figure>\n","protected":false},"excerpt":{"rendered":"<p>Grafengars &#8211; Am Sonntag, den 05.01.2020 fand die diesj\u00e4hrige Weihnachtsfeier der Tennisabteilung des SpVgg Jettenbach in \u201eBurle\u00b4s Kneipe\u201c statt. Im gem\u00fctlichen Rahmen feierten auch dieses Jahr wieder \u00fcber 30 Mitglieder, von jung bis alt, gem\u00fctlich<\/p>\n","protected":false},"author":2,"featured_media":0,"parent":221,"menu_order":2,"comment_status":"closed","ping_status":"closed","template":"","meta":{"ngg_post_thumbnail":0,"footnotes":""},"class_list":["post-3481","page","type-page","status-publish","hentry"],"_links":{"self":[{"href":"https:\/\/www.spvgg-jettenbach.de\/index.php\/wp-json\/wp\/v2\/pages\/3481","targetHints":{"allow":["GET"]}}],"collection":[{"href":"https:\/\/www.spvgg-jettenbach.de\/index.php\/wp-json\/wp\/v2\/pages"}],"about":[{"href":"https:\/\/www.spvgg-jettenbach.de\/index.php\/wp-json\/wp\/v2\/types\/page"}],"author":[{"embeddable":true,"href":"https:\/\/www.spvgg-jettenbach.de\/index.php\/wp-json\/wp\/v2\/users\/2"}],"replies":[{"embeddable":true,"href":"https:\/\/www.spvgg-jettenbach.de\/index.php\/wp-json\/wp\/v2\/comments?post=3481"}],"version-history":[{"count":2,"href":"https:\/\/www.spvgg-jettenbach.de\/index.php\/wp-json\/wp\/v2\/pages\/3481\/revisions"}],"predecessor-version":[{"id":3484,"href":"https:\/\/www.spvgg-jettenbach.de\/index.php\/wp-json\/wp\/v2\/pages\/3481\/revisions\/3484"}],"up":[{"embeddable":true,"href":"https:\/\/www.spvgg-jettenbach.de\/index.php\/wp-json\/wp\/v2\/pages\/221"}],"wp:attachment":[{"href":"https:\/\/www.spvgg-jettenbach.de\/index.php\/wp-json\/wp\/v2\/media?parent=3481"}],"curies":[{"name":"wp","href":"https:\/\/api.w.org\/{rel}","templated":true}]}}